t k(s) = s**3 - 33*s**2 + 219*s + 16. What is k(9)?
43
Let d(i) = 2*i**3 + 19*i**2 + 7*i - 23. Calculate d(-9).
-5
Let l(c) = 6*c**2 - 7*c - 136. Calculate l(10).
394
Let p(r) = -1668*r + 1702. Give p(1).
34
Let p(l) = l**2 + 75*l - 566. Calculate p(7).
8
Let h(y) = -2*y**3 + 167*y**2 + 249*y + 489. Give h(85).
-21
Let n(u) = -109*u - 2346. What is n(-22)?
52
Let l(h) = 22*h + 928. Calculate l(-44).
-40
Let s(m) = -3*m + 58. Calculate s(14).
16
Let f(h) = -2*h**2 + 54*h + 217. What is f(-4)?
-31
Let o(d) = 30*d**2 - 331*d + 8. What is o(11)?
-3
Let m(w) = -4*w**2 - 1308*w - 1303. Give m(-1).
1
Let m(k) = 1174*k + 4575. Give m(-4).
-121
Let f(u) = -3*u**2 - 70*u - 262. Determine f(-11).
145
Let c(j) = 3*j**2 + 26*j - 39. Determine c(-9).
-30
Let x(a) = a**3 - 17*a**2 + 7*a - 38. Give x(17).
81
Let q(r) = 65*r + 1420. Calculate q(-15).
445
Let n(x) = -24*x + 17. Determine n(5).
-103
Let a(m) = -3*m**2 - 23*m - 130. Give a(-12).
-286
Let i(u) = -14*u**2 - 24*u + 360. What is i(-6)?
0
Let m(w) = w**2 - 1271*w + 18855. Calculate m(15).
15
Let d(a) = 2*a**2 + 67*a + 399. What is d(-26)?
9
Let r(t) = -14*t + 461. Calculate r(35).
-29
Let o(y) = -7*y**3 - 23*y**2 - 19*y + 37. What is o(-6)?
835
Let l(a) = -220*a + 24862. What is l(113)?
2
Let t(z) = z**2 + 17*z + 34. Give t(-13).
-18
Let u(r) = 5*r + 46. Determine u(-3).
31
Let o(r) = -13*r**2 - 959*r + 147. Give o(-74).
-75
Let v(z) = -z**3 + 8*z**2 + 159*z + 48. Give v(-9).
-6
Let m(u) = -6*u**2 - 57*u + 38. Give m(-10).
8
Let u(l) = -15*l**2 + 222*l + 56. Give u(15).
11
Let s(v) = -4639*v + 4644. Determine s(1).
5
Let s(z) = z + 95. Give s(-22).
73
Let j(w) = 5*w + 88. Give j(53).
353
Let j(l) = -2*l**2 - 16*l - 12. Determine j(-7).
2
Let p(n) = -79*n**2 - 1346*n - 63. Determine p(-17).
-12
Let q(o) = o**3 + 8*o**2 + 5*o - 12. Determine q(-7).
2
Let f(z) = 93*z - 97. Calculate f(0).
-97
Let u(p) = 4*p**2 - 74*p + 6. Give u(20).
126
Let z(h) = -h**3 + 242*h**2 - 953*h - 3. Calculate z(4).
-7
Let x(l) = -2474*l + 89066. What is x(36)?
2
Let b(p) = -p**3 + 6*p**2 + 11*p - 11. What is b(-5)?
209
Let o(a) = 544*a - 8077. Determine o(15).
83
Let r(p) = -14*p**3 - 71*p**2 - 4*p. What is r(-5)?
-5
Let w(h) = 2*h**3 - 19*h**2 + 18*h. What is w(2)?
-24
Let p(x) = -x**2 - 10*x - 31. Determine p(-14).
-87
Let h(l) = -2*l**3 + 10*l**2 - 14*l - 10. Give h(7).
-304
Let t(n) = 15*n**2 + 2*n + 23. Calculate t(7).
772
Let g(x) = x**2 + x - 177. Determine g(14).
33
Let n(l) = -25*l**2 + 2406*l - 560. Calculate n(96).
16
Let h(q) = q**3 + 3*q**2 + 97*q + 188. Give h(-2).
-2
Let u(l) = l**3 - 12*l**2 - 24*l - 38. What is u(13)?
-181
Let b(o) = -5*o**3 + 32*o**2 + 25*o - 6. Give b(7).
22
Let k(c) = c**3 + 29*c**2 + 76*c + 1354. What is k(-28)?
10
Let r(h) = 10*h**2 - 55*h + 59. Give r(1).
14
Let l(p) = -p**3 - 14*p**2 + 30*p - 15. What is l(-15)?
-240
Let c(g) = 6*g**2 - 355*g - 87. Calculate c(59).
-146
Let h(v) = -v**2 + 785*v - 12276. What is h(16)?
28
Let u(s) = -295*s + 5887. What is u(20)?
-13
Let z(u) = 4946*u - 49460. Determine z(10).
0
Let r(m) = -1906*m - 23. Determine r(0).
-23
Let l(w) = 122*w**2 + 3048*w - 42. Determine l(-25).
8
Let q(v) = -80*v + 78. What is q(1)?
-2
Let o(y) = -355*y + 2546. What is o(7)?
61
Let o(x) = -4*x**2 - 552*x - 1643. Determine o(-3).
-23
Let j(d) = -559*d + 47524. Give j(85).
9
Let v(l) = l**3 - 19*l**2 - l - 304. Determine v(0).
-304
Let l(g) = -628*g + 16332. What is l(26)?
4
Let k(g) = g**3 - 15*g**2 - 3*g + 43. What is k(15)?
-2
Let a(f) = -f**2 - 57*f + 173. Give a(-60).
-7
Let s(m) = m**2 + 26092*m - 52184. Give s(2).
4
Let m(i) = 13*i + 294. Determine m(-21).
21
Let u(f) = 174*f**3 - f**2 + 2*f - 2. What is u(1)?
173
Let d(y) = -y**3 + 22*y**2 - 43*y + 1. Calculate d(20).
-59
Let b(n) = -84*n**2 - 667*n + 37. Determine b(-8).
-3
Let y(g) = -16*g + 368. Calculate y(32).
-144
Let l(x) = 3*x**2 + 143*x - 198. Determine l(-49).
-2
Let a(x) = -90*x - 60. Give a(-3).
210
Let v(x) = 55*x + 66. Give v(-2).
-44
Let p(m) = -46*m - 118. Determine p(-2).
-26
Let i(f) = f + 117. Determine i(14).
131
Let y(t) = -6*t**2 + 57*t + 391. Calculate y(14).
13
Let g(p) = -10*p**2 - 1189*p + 123. What is g(-119)?
4
Let w(j) = 15*j + 711. Calculate w(-51).
-54
Let x(i) = -4*i**2 + 55*i + 10. Calculate x(17).
-211
Let z(m) = m**3 + 7*m**2 + 16*m + 56. Calculate z(-6).
-4
Let v(i) = -17*i**3 - 55*i**2 - 4*i + 12. Give v(-5).
782
Let t(d) = d**2 + 7*d - 84. Determine t(-13).
-6
Let s(o) = -7*o**2 - o + 18. Calculate s(3).
-48
Let i(g) = g**3 + 21*g**2 + 80*g - 335. Calculate i(-12).
1
Let h(x) = x**2 + 2263*x - 22726. Give h(10).
4
Let l(s) = 4*s**2 + 3*s + 12. Determine l(3).
57
Let s(r) = -r**2 + 44*r + 491. Calculate s(-9).
14
Let a(c) = -2*c**3 + 29*c**2 + 47*c - 4. What is a(16)?
-20
Let t(g) = g**3 - 12*g**2 + 32*g - 119. What is t(10)?
1
Let f(y) = 12*y - 101. Calculate f(19).
127
Let d(p) = -p**3 - 9*p**2 - 2*p - 22. What is d(-9)?
-4
Let b(d) = 14*d + 172. Calculate b(-11).
18
Let a(h) = -691*h + 11766. What is a(17)?
19
Let d(m) = -8433*m - 92767. Determine d(-11).
-4
Let b(p) = p**3 + 19*p**2 - 35*p - 1180. Determine b(-17).
-7
Let k(b) = -b**3 + 18*b**2 - 29*b - 47. Calculate k(16).
1
Let d(i) = 3*i**2 + 115*i + 129. Give d(-38).
91
Let y(a) = -7*a + 61. Give y(8).
5
Let n(y) = -y**3 - 9*y**2 + 10*y + 2. What is n(-10)?
2
Let u(d) = 83*d - 50. Determine u(1).
33
Let w(q) = -q**3 + 10*q**2 + 26*q - 3. Calculate w(12).
21
Let f(b) = -b**3 + 37*b**2 + 22*b - 2095. Give f(36).
-7
Let r(m) = -2*m**3 + 3*m**2 - 3*m - 27. Calculate r(-3).
63
Let n(j) = 14*j + 198. Determine n(-59).
-628
Let x(w) = -2*w**3 + 36*w**2 + 36*w + 33. What is x(19)?
-5
Let x(y) = -4*y**2 - 37*y + 76. Determine x(-11).
-1
Let h(n) = n**3 - 19*n**2 + 101*n + 31. Give h(14).
465
Let a(x) = 2*x**2 - 668*x + 10764. Determine a(17).
-14
Let v(a) = -a**2 + 452*a - 6684. Calculate v(15).
-129
Let p(d) = 38*d**2 - 514*d + 674. Calculate p(12).
-22
Let r(x) = -x**3 + 21*x**2 - 15*x - 29. Determine r(20).
71
Let i(s) = 5*s**3 - 119*s**2 - 13*s - 249. Calculate i(24).
15
Let c(n) = -4274*n - 132495. Calculate c(-31).
-1
Let d(b) = -8*b**2 - 67*b - 64. Calculate d(-1).
-5
Let t(g) = 15*g - 259. What is t(20)?
41
Let w(i) = 164*i + 1139. Determine w(-7).
-9
Let y(p) = -p**3 + 3*p**2 + 20*p + 1. What is y(6)?
13
Let y(r) = -46*r - 14. What is y(4)?
-198
Let p(n) = 4*n**3 + 9*n - 5. Give p(2).
45
Let t(d) = 187*d + 1115. Give t(-6).
-7
Let p(d) = -d**2 + 24*d - 6. Give p(19).
89
Let g(u) = 3*u**3 + 43*u**2 + 75*u + 95. Determine g(-13).
-204
Let c(k) = -54*k**3 + 4*k**2 + 2*k - 4. Determine c(-2).
440
Let n(p) = -p**3 + 24*p**2 - 65*p + 59. Give n(21).
17
Let g(a) = -a**2 + 2*a + 66. Determine g(13).
-77
Let j(a) = 2*a**2 + 6*a - 7. Determine j(6).
101
Let v(c) = 427*c - 60. What is v(-1)?
-487
Let a(v) = -2*v**2 - 4*v + 44. Determine a(4).
-4
Let t(g) = 269*g - 3775. What is t(14)?
-9
Let w(x) = x**3 + 8*x**2 + 14*x + 116. Determine w(-8).
4
Let c(v) = -v**3 - 21*v**2 - 59*v + 12. Determine c(-4).
-24
Let m(n) = -5*n**2 - 305*n - 67. Calculate m(-61).
-67
Let o(t) = 44*t + 8. Calculate o(-5).
-212
Let a(n) = 538*n - 4313. Determine a(8).
-9
Let l(q) = -47*q**2 - 48*q - 2. Calculate l(-1).
-1
Let u(r) = -5*r**2 - 21*r + 60. Give u(-6).
6
Let k(f) = 225*f + 671. Determine k(-3).
-4
Let m(s) = 65*s + 4252. Give m(-67).
-103
Let j(u) = 2*u**3 + 3*u**2 - 75*u + 73. Calculate j(1).
3
Let r(o) = o**3 - 65*o**2 + 927*o - 58. What is r(21)?
5
Let u(q) = -q**2 - 130*q + 539. What is u(4)?
3
Let z(g) = -g**3 - 7*g**2 - 11*g - 112. Determine z(-7).
-35
Let m(v) = -7*v**3 + 13*v**2 - 13*v + 2. Calculate m(4).
-290
Let d(p) = 5*p**3 - 2*p - 3. Give d(-2).
-39
Let j(a) = 4*a**2 + 335*a - 74. Give j(-83).
-323
Let p(r) = 76*r**2 - 566*r + 250. Determine p(7).
12
Let l(t) = -91*t - 5531. Determine l(-61).
20
Let w(i) = 33*i**2 + 26*i + 18. Determine w(-3).
237
Let c(w) = 3*w**3 - 5*w**2 + 13*w + 20. Calculate c(3).
95
Let b(x) = 2*x**3 + 62*x**2 - 62*x + 71. Calculate b(-32).
7
Let p(s) = -2*s**2 + 29*s - 203. Calculate p(10).
-113
Let i(u) = -2549*u + 28073. What is i(11)?
34
Let m(h) = -8*h + 58. Calculate m(-6).
106
Let f(v) = v**3 - 15*v**2 - 15*v - 64. Give f(16).
-48
Let l(m) = 59*m - 909. Determine l(16).
35
Let f(x) = -4*x**3 + 22*x**2